f 363706084.
2, 7, 23, 564761
List the prime factors of 15103955.
5, 19, 37, 4297
What are the prime factors of 4816091364?
2, 3, 7, 17, 29, 6841
List the prime factors of 4513890950.
2, 5, 90277819
What are the prime factors of 543088904?
2, 67886113
List the prime factors of 905590.
2, 5, 7, 17, 761
What are the prime factors of 44843458?
2, 11, 19, 71, 1511
What are the prime factors of 120857544?
2, 3, 1678577
List the prime factors of 170277375.
3, 5, 167, 2719
List the prime factors of 4510307.
4510307
What are the prime factors of 2524489478?
2, 7, 5023, 35899
List the prime factors of 24276801.
3, 8092267
List the prime factors of 7410538.
2, 17, 12821
List the prime factors of 138945607.
17, 1543, 5297
List the prime factors of 202628727.
3, 7, 223, 14423
List the prime factors of 1071576268.
2, 7, 38270581
List the prime factors of 105842525.
5, 31, 41, 3331
What are the prime factors of 43333737?
3, 19, 760241
List the prime factors of 1117920863.
79, 14150897
List the prime factors of 256882092.
2, 3, 131, 163411
List the prime factors of 38208989.
7, 13, 643, 653
What are the prime factors of 253218420?
2, 3, 5, 7, 13, 5153
List the prime factors of 200821769.
1721, 116689
What are the prime factors of 149012045?
5, 7, 13, 327499
List the prime factors of 267996512.
2, 7, 1196413
List the prime factors of 4162052409.
3, 1387350803
What are the prime factors of 30446426?
2, 15223213
What are the prime factors of 1154754143?
1154754143
What are the prime factors of 905995441?
13, 69691957
List the prime factors of 179134042.
2, 89567021
List the prime factors of 8314746.
2, 3, 11, 53, 2377
What are the prime factors of 4734669603?
3, 19, 113, 735083
What are the prime factors of 10607248?
2, 662953
What are the prime factors of 508811655?
3, 5, 11, 280337
List the prime factors of 5417297233.
19, 11287, 25261
List the prime factors of 373722554.
2, 186861277
What are the prime factors of 859682526?
2, 3, 143280421
What are the prime factors of 857507426?
2, 428753713
List the prime factors of 121812653.
121812653
What are the prime factors of 1358885008?
2, 13, 131, 49871
What are the prime factors of 1581807610?
2, 5, 29, 653, 8353
List the prime factors of 128417940.
2, 3, 5, 7, 53, 641
List the prime factors of 31351560.
2, 3, 5, 61, 4283
What are the prime factors of 2984698547?
1873, 1593539
List the prime factors of 43934433.
3, 43, 340577
List the prime factors of 279848965.
5, 11, 1399, 3637
What are the prime factors of 692077525?
5, 79, 139, 2521
List the prime factors of 83791867.
5099, 16433
List the prime factors of 12407090.
2, 5, 1240709
What are the prime factors of 3034721836?
2, 73, 191, 54413
What are the prime factors of 50409190?
2, 5, 13, 387763
List the prime factors of 119756965.
5, 83, 288571
List the prime factors of 222173771.
222173771
What are the prime factors of 6767323215?
3, 5, 451154881
List the prime factors of 213527874.
2, 3, 7, 1777, 2861
List the prime factors of 93427109.
37, 2525057
List the prime factors of 6835545795.
3, 5, 13, 35054081
List the prime factors of 43202771.
173, 249727
List the prime factors of 642010934.
2, 89, 227, 15889
List the prime factors of 210271521.
3, 17, 4122971
List the prime factors of 1419802028.
2, 9203, 38569
What are the prime factors of 134287106?
2, 773, 86861
List the prime factors of 627856385.
5, 13, 1217, 7937
What are the prime factors of 6089962604?
2, 11, 138408241
List the prime factors of 3332332632.
2, 3, 19, 103, 70949
List the prime factors of 1099447694.
2, 549723847
What are the prime factors of 20176143?
3, 13, 517337
What are the prime factors of 478077990?
2, 3, 5, 13, 139, 8819
List the prime factors of 204955828.
2, 7, 11, 95063
List the prime factors of 4067710274.
2, 71, 28645847
What are the prime factors of 155134393?
6829, 22717
What are the prime factors of 22570843?
23, 42667
What are the prime factors of 1451401949?
607, 2391107
What are the prime factors of 180117850?
2, 5, 11, 37, 53, 167
List the prime factors of 460821337.
2203, 209179
List the prime factors of 179298507.
3, 17, 3515657
List the prime factors of 88987476.
2, 3, 7415623
List the prime factors of 961060562.
2, 7, 11, 127, 49139
List the prime factors of 48004675.
5, 1920187
What are the prime factors of 2699329604?
2, 674832401
What are the prime factors of 1539320781?
3, 109, 643, 7321
List the prime factors of 396750810.
2, 3, 5, 59, 224153
What are the prime factors of 1680161815?
5, 317, 1060039
What are the prime factors of 5845672?
2, 7, 47, 2221
What are the prime factors of 6322923252?
2, 3, 653, 268969
What are the prime factors of 148533774?
2, 3, 67, 369487
List the prime factors of 197274544.
2, 857, 14387
List the prime factors of 6631598368.
2, 31, 109, 61331
What are the prime factors of 4712910732?
2, 3, 53, 2470079
List the prime factors of 190578501.
3, 313, 7517
What are the prime factors of 1596737590?
2, 5, 7, 37, 616501
List the prime factors of 89591256.
2, 3, 23, 54101
List the prime factors of 174228592.
2, 10889287
List the prime factors of 7753848.
2, 3, 323077
List the prime factors of 96163439.
96163439
What are the prime factors of 2197806844?
2, 549451711
List the prime factors of 38505120.
2, 3, 5, 97, 827
List the prime factors of 87956493.
3, 29318831
List the prime factors of 818451221.
7, 1697, 68899
List the prime factors of 1463139035.
5, 292627807
What are the prime factors of 370366870?
2, 5, 37036687
List the prime factors of 60842356.
2, 37, 227, 1811
List the prime factors of 43589043.
3, 1614409
List the prime factors of 335461560.
2, 3, 5, 7, 29, 47, 293
What are the prime factors of 42017753?
157, 267629
List the prime factors of 339063020.
2, 5, 16953151
List the prime factors of 274682262.
2, 3, 45780377
List the prime factors of 893271474.
2, 3, 191, 259823
What are the prime factors of 2040129075?
3, 5, 27201721
List the prime factors of 38803145.
5, 257, 30197
What are the prime factors of 132024157?
132024157
List the prime factors of 59947204.
2, 19, 788779
What are the prime factors of 2363300177?
7, 109, 1201, 2579
What are the prime factors of 26504460?
2, 3, 5, 229, 643
What are the prime factors of 518722965?
3, 5, 449, 25673
List the prime factors of 1479489691.
43, 83, 414539
List the prime factors of 76649130.
2, 3, 5, 53, 16069
List the prime factors of 102208851.
3, 1117, 3389
List the prime factors of 104040726.
2, 3, 17340121
List the prime factors of 108784518.
2, 3, 31, 584863
List the prime factors of 259022178.
2, 3, 4796707
What are the prime factors of 671959599?
3, 53, 4226161
What are the prime factors of 928713652?
2, 232178413
What are the prime factors of 240471724?
2, 41, 1466291
List the prime factors of 1131873315.
3, 5, 571, 132151
List the prime factors of 29857507.
83, 479, 751
What are the prime factors of 653299395?
3, 5, 7, 1823, 3413
What are the prime factors of 555592143?
3, 2749, 67369
What are the prime factors of 141368164?
2, 7, 41, 123143
What are the prime factors of 1048466092?
2, 17, 15418619
List the prime factors of 53263787.
53263787
List the prime factors of 2020931506.
2, 11, 3517, 26119
List the prime factors of 38035762.
2, 29, 157, 4177
What are the prime factors of 1213361108?
2, 199, 251, 6073
What are the prime factors of 485624593?
37, 71, 184859
List the prime factors of 2148653719.
2148653719
List the prime factors of 992636484.
2, 3, 7, 23, 101, 5087
List the prime factors of 2360847031.
2237, 1055363
What are the prime factors of 911116016?
2, 7103, 8017
List the prime factors of 252467290.
2, 5, 491, 51419
List the prime factors of 2157812366.
2, 5279, 204377
What are the prime factors of 15906821?
7, 47, 6907
List the prime factors of 394702487.
3203, 123229
List the prime factors of 52601201.
2267, 23203
List the prime factors of 23226016.
2, 11, 65983
What are the prime factors of 143907649?
6659, 21611
List the prime factors of 5373053097.
3, 29, 61759231
What are the prime factors of 218093337?
3, 7, 11, 23, 4561
What are the prime factors of 595937326?
2, 379, 786197
What are the prime factors of 11450803?
7, 13, 23, 5471
What are the prime factors of 395731183?
19, 20827957
List the prime factors of 650029291.
11657, 55763
What are the pr